pose -4*u - 4*r = 412, -5*r = -2*u - 2*u - 385. Let i = u + 180. What is the units digit of i?
0
What is the tens digit of ((-42)/(-28))/(3/1604)?
0
Let k = -660 - -256. Let r = -9 + 0. What is the tens digit of k/(-16) - r/12?
2
Let k(h) = -3*h**3 + 3*h**2 + 2*h + 3349. What is the hundreds digit of k(0)?
3
Let g = -15 - -17. Suppose -4*z - n + 5*n + 8 = 0, g*z - 7 = n. Suppose 4*t - 29 = 5*j + 14, 0 = -z*t - 3*j + 26. What is the units digit of t?
7
Let l(c) = -c**3 + 3*c**2 + 7*c - 6. Let u be l(4). Let n = -3 + u. Suppose -2*w + 10 = n*a, -w - 24 = -5*w - 4*a. What is the units digit of w?
8
Let v(x) be the first derivative of x**4/4 - 5*x**3/3 + x**2/2 - 7*x + 2. Let s be v(5). Let z(b) = 2*b**2 - b - 2. What is the units digit of z(s)?
8
Let g(z) = 28*z - 10. Let x be g(4). Suppose 2*b + 3*f - x = 0, -4*b = 5*f - f - 208. What is the units digit of b?
4
Let b(g) be the second derivative of -2*g**3/3 - g**2/2 + 6*g. Let x be b(-8). Suppose 2*f - x = f. What is the tens digit of f?
3
Let q(g) = 24*g + 21. What is the hundreds digit of q(4)?
1
Suppose -g + h + 636 = 0, -4*g + 5*h + 2534 = 3*h. What is the hundreds digit of g?
6
Suppose 0 = d + 3*d - 128. What is the units digit of (-17)/(-4) + (-8)/d?
4
Suppose c - 2*c - 4 = 4*p, 4*p + 28 = 5*c. Let a = 4 + 2. Suppose c*t = a*t - 30. What is the units digit of t?
5
Suppose 3*j + 2 - 203 = 0. What is the units digit of j?
7
Let w(l) = l**3 - 3*l - 11 + 3 + 10*l**2 - 5. Let j be (6 - 26)/((-6)/(-3)). What is the units digit of w(j)?
7
Let d(y) = y**3 + 3*y**2 - 7*y + 5. Let s be d(5). Let i be 3111/(-27) - 6*5/(-135). Let v = i + s. What is the tens digit of v?
5
Let g be 5/(-2)*236/(-10). Suppose 69 = -3*h + 7*h - 5*i, 4*h - 3*i - g = 0. What is the units digit of h?
1
Let l(g) = 9 - 6 - 5 + 4*g - g. Let y be (-10)/(-4) + 3/2. What is the units digit of l(y)?
0
What is the units digit of (78965/(-51))/(10/(-12))?
8
Suppose -2*c + 2*z - 586 = -2176, 0 = -4*c + 3*z + 3183. What is the units digit of c?
8
Let d(y) = 17*y**2 + 141*y + 2. What is the tens digit of d(-9)?
1
Suppose -11 = 4*d - 3. What is the units digit of (-9 - -180) + 2 + (d - 2)?
9
Let w(g) = g + 8. Let i be w(-4). Suppose 0 = -i*h + 8*h - 236. What is the tens digit of h?
5
Let v = -376 + 462. What is the tens digit of v?
8
Let k(l) = 86*l - 2. Let p be k(-2). What is the units digit of (p/8)/((-3)/8)?
8
Suppose 4*g + 44 = -52. Let x = g + 26. What is the tens digit of x - 4 - -23 - -4?
2
Suppose -3*w + 5 = 2. What is the tens digit of -14*(44/(-28) - w)?
3
Let i(n) = n**2 + 5*n - 6. Let a = -9 - -3. Let o be i(a). Suppose -k + 20 = -o*k - 5*w, -3*k + 32 = -w. What is the units digit of k?
0
Let m(q) = 23*q**2 - 10*q + 1. Suppose 15 = -2*c - c, i + 3*c + 13 = 0. What is the units digit of m(i)?
3
Let d = 74 + -41. Let a = d + -18. What is the tens digit of a?
1
What is the hundreds digit of (102080/(-60))/((-10)/15)?
5
Let l be 9/18*(-5 - -1). What is the hundreds digit of l/4 + (-438)/(-4)?
1
Suppose 3*a = v - 2*v + 15, -4*v - 8 = -5*a. Suppose -5*i = 2*d - 62, -i - v*d = -0*i - 15. Suppose -42 = -2*h - i. What is the units digit of h?
5
Let f(g) be the second derivative of g**5/20 - g**4 + 5*g**3/6 - 3*g**2 - 3*g. What is the tens digit of f(12)?
5
Suppose -2*p - 386 = -4*q, 4*q - 2*q - 5*p = 173. Suppose 1 = -3*l + 2*g + q, -5*g + 10 = 0. What is the tens digit of l?
3
What is the units digit of (-5)/(2/(-2)) + 11?
6
Let t(o) = -o**2 - 11*o - 32. Let k be t(-6). What is the units digit of k + 4/1 - 1430/(-11)?
2
Let y(l) = -2*l**3 - 9*l**2 + 9*l + 13. Let x be y(9). Suppose 4 + 4 = -2*o. What is the units digit of x/(-52) + 1/o?
0
Let z = 21 - 23. What is the tens digit of ((-1)/z)/((-4)/(-120))?
1
Let x(n) = -112*n - 105*n + 2*n**2 + 224*n. Let g be 6*-2*2/(-8). What is the units digit of x(g)?
9
Suppose -2*m = 3*m - 930. Let x = m + -266. What is the units digit of ((-2)/5)/(1/x)?
2
Let n = 1631 - 317. What is the units digit of n?
4
Let c = -65 + 95. What is the tens digit of c/((-58)/12 + 5)?
8
Suppose -3*x + 46 = 4*k, 2*k = -3 - 1. Suppose 0 = 3*p - x - 54. What is the units digit of p?
4
Let v = 4323 - 2266. What is the thousands digit of v?
2
Let l = -804 - -1383. What is the tens digit of l?
7
Let w = -31 + 22. Let g be w/(18/80) - 0. Let x = -9 - g. What is the tens digit of x?
3
Let s be 4 + (-5 - (-9)/(4 - 1)). Suppose -3*r = -3*p - 222, -5*p + 11 + 151 = s*r. What is the tens digit of r?
7
What is the hundreds digit of (1*1191)/(-4 - 66/(-12))?
7
Let g be (-8)/(-5) - (-20)/50. Suppose 11 = g*a + 5*p, -2*a - 20 = -4*p - 4. What is the tens digit of 345/10 - a/4?
3
Suppose -y + 4*h + 256 = 0, -2*y + 34*h = 38*h - 476. What is the hundreds digit of y?
2
Let u(a) = -5*a**2 + 2*a**2 + 5*a**2 + 14 - 11*a. What is the tens digit of u(7)?
3
Suppose -35441 - 14159 = -32*z. What is the thousands digit of z?
1
Suppose 1454 + 1249 = 17*m. What is the units digit of m?
9
Let c = 4 + -7. What is the tens digit of 80 + (c - (-2 + -2))?
8
Let x be ((-8)/24)/(2/(-30)). Suppose a - 4*g - 63 = 0, 2*g + 32 = x*a - 319. What is the tens digit of a?
7
Let r be 2*(5 - 6) - -342. Suppose 2*k - 7*k = -r. What is the units digit of k?
8
Let z = 4852 - 2230. What is the thousands digit of z?
2
Let p(g) = g**3 - g + 10. Let u be p(0). Let a be (170/20)/((-1)/u). Let t = -56 - a. What is the tens digit of t?
2
Let d = 4106 + -2909. What is the hundreds digit of d?
1
Let n = 659 + 2441. What is the thousands digit of n?
3
Let v = -15 + 17. Suppose 20 = -5*u + 4*m, -v*u - 3*u - 20 = m. What is the tens digit of (u/(-6))/(4/174)?
2
Let z = 32 - 30. Suppose z*x - 232 = -t - t, -141 = -x + 4*t. What is the tens digit of x?
2
Suppose 4*n - m - 4961 = 334, 4*n = 2*m + 5290. What is the hundreds digit of n?
3
What is the tens digit of -5*70/75*-516?
0
What is the units digit of 2*1/(-11) + (-169640)/(-110)?
2
Let n = -15 - -15. Suppose -4*f + 12 = -n. Suppose y - f*y = -58. What is the tens digit of y?
2
Suppose -4*p = -p. Suppose p*x = 5*x - 330. What is the tens digit of x?
6
Let g be -1 - (-2)/((-6)/105). Suppose 4*f = -3*q + 199, -6*q = -f - 3*q + 61. Let s = f + g. What is the units digit of s?
6
Suppose -3*w = -2*w - 5. Suppose 3*h + 35 = w*m, -18 = h + h + 2*m. What is the tens digit of 39/(-12)*(h - 2)?
3
Suppose 0 = r - 6*r + 1390. What is the units digit of r?
8
Let s = -829 - -2057. What is the hundreds digit of s?
2
Let g = 2028 - 1069. What is the hundreds digit of g?
9
Suppose b + 1562 = 2*i, -5*b = 10*i - 6*i - 3138. What is the units digit of i?
2
Suppose s - 2 = 2. Suppose -s*j = 3*z - 9, 0 = 4*j - 2*j - 3*z + 9. Suppose b - 13 = 2*u, -2*b - b - 3*u + 30 = j. What is the tens digit of b?
1
Suppose -20 = -3*z - 2*z. Suppose 0 = -2*r + p - 5*p + 12, z*r + p - 3 = 0. Suppose 3*g + 3*w - 33 - 69 = 0, -5*g - 4*w + 170 = r. What is the units digit of g?
4
Let u(j) = -j**2 + 15*j - 11. Let r be u(14). Suppose -y = r*y. Suppose -36 = -2*c - y*c. What is the units digit of c?
8
Suppose -2757*z + 2749*z + 28616 = 0. What is the tens digit of z?
7
Let v = 75 - -375. Suppose -v = -2*u - 3*u. What is the tens digit of u?
9
Let z = 69 + 111. Let r be z/(-8)*2/(-3). Let n = r + -2. What is the units digit of n?
3
Suppose -5*v = -6*v + 2*u + 328, -2*v = 3*u - 691. What is the hundreds digit of v?
3
Suppose -1108 = -4*i + 5*y, -i + 5*y = -2*i + 277. What is the tens digit of i?
7
What is the thousands digit of (-2768283)/(-630) - (3/10)/3?
4
Let r be ((-15)/10)/(33/(-24) + 1). Let j(q) = 6*q**2 + 4*q + 2. What is the units digit of j(r)?
4
Suppose 2*j + 11*m = 14*m + 555, -j = 4*m - 261. What is the units digit of j?
3
Suppose -3*r - 2*c = -6*r - 28, -10 = 2*r + 3*c. What is the tens digit of (0 + r)/((-4)/38)?
7
Suppose -537*q = -538*q + 147. What is the hundreds digit of q?
1
Let x(c) = c**3 - 4*c**2 - 4*c - 2. Let w be x(5). Suppose -60 = 4*t - 2*r, -4*r - 23 = w*t + 11. What is the units digit of t*2*(-4)/16?
7
Suppose 0 = -g - 2*g + 3, -2*g - 202 = 3*x. Let d = x + 104. Let q = -25 + d. What is the tens digit of q?
1
Let x(u) = -u**3 + 18*u**2 + 15*u - 37. What is the units digit of x(18)?
3
Let q = 5370 - 2832. What is the hundreds digit of q?
5
Let n = -136 + 225. Let q = -58 + n. What is the tens digit of q?
3
What is the hundreds digi